+ 0 - (98 + -102)?
-4
What is the value of -7 - -1 - -4 - (3 + 1)?
-6
-2 + 8 + -9 + -3
-6
What is the value of 0 + (-2 - (1 - 4))?
1
Calculate (-7 - (-7 + 4)) + -8 + 5.
-7
What is the value of (1 - -3) + (1 - (3 + 0))?
2
What is (7 - (4 - -4)) + (1 - 0)?
0
-5 - (-5 - (-6 - -5))
-1
What is 7 + -1 + (-20 - -5) - -6?
-3
What is the value of -1 + (4 - -3) - 5?
1
What is 9 + 4 + -9 + 2?
6
(-4 + 4 - 2) + (-7 - -13)
4
(8 - (1 - -4)) + -3
0
Evaluate 2 - 6 - 4 - (-7 + 1).
-2
Evaluate -7 + -3 + 1 + (-2 - -7).
-4
Calculate 46 + -46 - (0 - -7).
-7
What is 3 - ((-1 - -3) + -5)?
6
What is -1 + -4 + 4 + (4 - -3)?
6
Calculate (23 - 20) + -2 + 3.
4
Calculate (-3 - 1 - 7) + 5.
-6
Evaluate -5 - (-16 + 3) - 3.
5
-10 + -5 + 3 + 5 + 6
-1
Calculate -4 - (3 - (4 - (-2 + 3))).
-4
-3 - (-10 - -3 - (1 + 0))
5
What is the value of (2 - 4) + (-5 - -8)?
1
Calculate 6 - ((1 - -2) + (2 - 3)).
4
-5 + (-4 - -5) + (-1 - -5)
0
-2 + (5 - 6) + 0 + 5
2
1 + (-8 - -4) + 3
0
(-13 - -3 - -9) + -4
-5
What is -2 - (-9 - -21 - 6)?
-8
What is -3 + -1 - (0 - -3) - -7?
0
What is the value of 3 + -4 + 5 + -6 - 8?
-10
What is the value of -10 - -14 - (8 - -1)?
-5
Evaluate 11 - (24 + -18 + 8).
-3
Evaluate 6 - (-21 + 15) - (0 + 5).
7
What is 0 - -7 - (-2 + 5)?
4
3 + -1 + (43 - 43)
2
What is the value of (-8 - -7) + (7 - (2 - 1))?
5
Evaluate 45 - 52 - (-17 - -3).
7
Evaluate -8 + 4 + (6 - 6).
-4
Evaluate 3 + -4 + -3 + 2.
-2
Evaluate -1 - (2 + -1) - (18 - 17).
-3
Calculate -2 + -2 - (-6 - -1).
1
What is the value of 4 + 4 + (-6 - -3)?
5
Evaluate 2 + (-4 - -4) - -2.
4
What is (-1 + 1 - (9 - 7)) + 3?
1
4 + 3 + (-6 - -6)
7
-3 + (-4 - (-8 + 5))
-4
Evaluate (0 - (-2 - -1)) + -3 - -3.
1
What is the value of 3 + (-2 - (-3 + 7) - 1)?
-4
What is 4 + -5 + -2 + 5?
2
What is the value of 16 + -23 + (3 - -12)?
8
Calculate -5 + 0 + (1 - 1).
-5
What is (-6 - -5 - (1 - 2)) + 0?
0
What is the value of (10 - 13) + (4 - -1)?
2
1 + -2 + (0 - (3 + -3))
-1
What is (0 + 2 - 6) + -6 + 14?
4
Calculate -2 - (0 - (-7 + 6)) - -6.
3
Evaluate (9 - 4 - 5) + (2 - 4).
-2
Calculate 5 + -1 + -100 + 96.
0
Calculate -4 + 5 + 7 + -7.
1
-5 + 7 - -1 - (-3 - -9)
-3
Calculate 2 + -12 + 7 - 5.
-8
Evaluate (4 - (-5 - -5)) + -4 - -3.
3
(-28 - -26) + (-1 - (-1 - -1))
-3
-4 + -12 + 6 + 8
-2
What is (2 - -1 - -2) + -14 + 6?
-3
Calculate 126 - 130 - (-1 - 1 - 0).
-2
Evaluate (4 - 1) + -37 + 34.
0
Evaluate -2 + (1 - -5) - (5 - -2).
-3
Evaluate 0 - (-4 + 1 - -4).
-1
What is the value of (-1 - (-3 - -4 - 6)) + -4?
0
Evaluate 1 + (-2 - -1) - (-75 + 77).
-2
Calculate 1 - (13 - (3 - 0) - 3).
-6
What is -2 + 1 + -11 + 12?
0
8 + -10 + 9 + (1 - 3)
5
Evaluate (4 - (-3 - -7)) + -3.
-3
What is (1 - (-5 - -1) - 2) + -7?
-4
What is 24 + -10 + -6 - 10?
-2
Calculate (6 - 9) + (9 - 2).
4
What is the value of 19 + (13 - 10 - 11)?
11
-4 + 14 + -4 + -7
-1
Calculate -10 - (-13 - 6) - 4.
5
Calculate 9 - 1 - (9 + -5 + 3).
1
What is the value of (0 - (-3 + 10)) + 13?
6
-6 + (-8 - (-18 - -8))
-4
-5 + (5 - -1) + -4 + 0
-3
3 - (1 - 2) - (20 + -18)
2
-61 - -74 - (11 - 0)
2
(9 - 4) + -6 + -2
-3
Calculate 1 + 3 + (-2 - 0).
2
Calculate 1 - (3 - 8) - 5.
1
What is 5 + (2 - 2) + (2 - 0)?
7
Calculate -7 + (-5 + 4 - -8).
0
What is -4 + 7 + (-1 - 2)?
0
-8 - -15 - 3 - (6 + -1)
-1
What is the value of -8 + 0 + (0 - -5 - 0)?
-3
Calculate -10 + (13 + 1 - 7).
-3
Evaluate 0 + (4 - (1 - (5 + -9))).
-1
Evaluate -1 + (-13 - -14) - (-1 - -1).
0
Calculate 4 + -3 - (0 - (-9 - -5)).
-3
Calculate -6 + (4 - 2) - -7.
3
What is the value of -2 - (-2 - -3 - (15 - 15))?
-3
-3 + (-13 + 9 - -10)
3
Evaluate (1 - 1) + (-2 - -8) - 1.
5
What is the value of -2 + (14 - 5 - 4) - 0?
3
What is -2 + (3 - 2) + -45 + 45?
-1
Evaluate -15 + (0 + 10 - (-3 + 7)).
-9
-8 - -14 - 3 - 2
1
Calculate (-183 - -170) + 10 + 1.
-2
Calculate -11 + 1 + (10 - (11 - 5)).
-6
Evaluate 3 - (-1 + (2 - -6) + -4).
0
6 + 1 - (3 - (-17 - -13))
0
Calculate -13 + -5 + 13 + 3.
-2
4 + (1 - 5) - -3
3
What is the value of -1 - (2 - ((-3 - -7) + -1))?
0
-2 + 2 + -6 - -3
-3
-3 - 1 - (-11 - -7)
0
Calculate (13 - 11) + -6 - -10.
6
Evaluate 5 + 5 - (14 - (-1 - -8)).
3
Evaluate -2 + -1 + 3 + -1 + 3.
2
Calculate -3 + 1 + (8 - 6).
0
Calculate -5 - (-7 + (3 - 2)).
1
15 - (3 - -7) - 5
0
Evaluate -1 + 5 + (-3 - -3) + -5.
-1
(-3 - -4) + (2 - (5 - 4))
2
Calculate (13 + -27 - -13) + (1 - -2).
2
What is the value of 5 + -1 + -1 + -8?
-5
(-4 - 1) + -14 + 17 + -1
-3
Calculate -6 + (5 - 1) + -1.
-3
Evaluate -1 - -2 - (34 + -31).
-2
Evaluate 10 + (0 - 3) - 6.
1
Evaluate (-10 - -8) + 11 + -16.
-7
-3 - -1 - (-16 - -17)
-3
What is 9 + 0 + -3 - 2?
4
(-6 - 1) + (12 - -11) + -24
-8
What is (3 - -1) + -3 - -1?
2
What is the value of -6 - (3 + 2 + -11)?
0
What is 6 + (-2 - (-2 + 1 + 3))?
2
What is 8 + 0 + -9 + 1 + 5?
5
What is -9 - -1 - (-139 + 132)?
-1
What is the value of 2 + (-4 - (4 + -5)) + 0?
-1
Calculate 1 - (-4 - -9) - 2.
-6
What is 6 - (4 - ((-1 - -5) + -1))?
5
What is the value of 13 - 9 - (4 - 0)?
0
Calculate -15 - (0 - 13) - (-1 - 1).
0
Calculate 6 + -4 - -1 - (-1 + 2).
2
Calculate 12 + -9 - (-4 + -2).
9
What is the value of 2 + 3 + -2 - -2?
5
What is (-1 - (2 + -7)) + -7 + 5?
2
Calculate -6 + (14 - 12) - (0 + -5).
1
Calculate 5 + -5 + 0 + -5 + 6.
1
What is the value of (9 - 3) + -2 + -1 - 3?
0
Evaluate (-18 - -10) + 0 + 0.
-8
What is the value of -2 - (2 - (-3 + 6)) - 0?
-1
Evaluate -3 + 0 + -4 + 5.
-2
What is (7 - 15) + 8 + -4?
-4
3 - (2 - (1 - 2))
0
Calculate (14 - 15) + (-3 - -1) - 2.
-5
(-3 + 0 - 2) + 0
-5
What is the value of (17 - 26) + 6 + 0?
-3
(-7 - -5) + 6 - 9
-5
What is the value of -8 + (-9 - (-8 - 1))?
-8
Evaluate (4 - 0) + (59 - 66).
-3
Evaluate (-2 - (-4 - -2)) + -40 + 36.
-4
12 + -1 - (15 + -7)
3
6 + 2 + (3 + -1 - 4)
6
What is the value of -4 + (-5 - (7 + -12))?
-4
What is 1 - (0 - -1) - 2 - 2?
-4
What is (-10 - 0) + (8 + -10 - -7)?
-5
Calculate -2 + 3 + 2 + (0 - 2).
1
Evaluate 5 - ((5 - 9) + 9).
0
Evaluate (0 - -3 - 7) + 4.
0
(-5 + 11 - 4) + 4
6
What is the value of 2 + 3 + (-5 - 1) + -2?
-3
Calculate 1 + 1 - -2 - (-13 - -15).
2
(-1 - -2) + (4 - -4 - 5)
4
What is -15 + 9 - (-1 + -10)?
5
Calculate -1 + (3 - (2 - 1)) + 2.
3
Evaluate (5 + -4 - -7) + (7 - 11).
4
Evaluate -2 + (-31 - -30) + -4 + 1.
-6
Evaluate (-2 + -4 + 1 - -13) + -6.
2
Evaluate -3 + 3 + 2 + -5 + 1.
-2
What is (-11 + 4 - -3) + 5?
1
What is -4 - (4 + (-9 - -4))?
-3
What is -2 + (0 - (0 + 2)) - -4?
0
Evaluate (3 - 6) + 2 + 2 + -3.
-2
What is the value of 3 - (1 - (3 - (0 - 0)))?
5
(0 - -8) + 10 + -19
-1
What is (1 - (1 - -1)) + 1?
0
Evaluate 5 - (11 - (0 + 5)).
-1
What is (0 - -10) + 30 + -41?
-1
What is the value of 6 + -9 + -1 - -8?
4
What is 18 + -2 - 15 - (-1 + -2)?
4
What is 9 + (-17 - -5) - (1 + 1)?
-5
What is -9 + (-2 + 6 - -2)?
-3
Evaluate -4 - (2 + (-9 - (2 + -5))).
0
What is the value of -2 - (1 - 8 - (-2 + -1))?
2
What is the value of -3 - 1 - (13 + -14)?
-3
What is the value of (12 - 5 - 0) + -2?
5
What is the value of (0 - (-5 + 3) - 2) + -1?
-1
Calculate 1 - (-1 + 2 + -2 + 0).
2
What is (1 - 7) + (-113 - -112)?
-7
What is the value of -4 + 2 + (24 - 24)?
-2
Evaluate (2 + -5 - (-2 + 4)) + 2.
-3
What is -4 - ((6 - 0) + -4)?
-6
What is the value of 1 + -1 - (8 + -8) - 1?
-1
1 + 0 + -8 - (-3 + 1)
-5
Calculate -5 + 2 + (5 - -3).
5
Evaluate -12 + 4 + (-3 - (-12 + 3)).
-2
What is the value of -4 + (-3 - -7) + 2?
2
Evaluate (-1 + 11 - 18) + (-1 - -3).
-6
What is 6 - 14 - -16 - (5 - -2)?
1
What is the value of -2 - (-4 + 5 + -7)?
4
What is 10 + -8 - -6 - 6?
2
What is the value of 14 + 4 + -10 + -4?
4
Evaluate -5 - -17 - 10 - (6 - 0).
-4
What is -12 + 9 + (-1 - 0)?
-4
0 - (-10 + (-1 - -6) + 6)
-1
-4 + (-4 - (-1 + -2))
-5
0 - (-5 - (4 + 0 + -5))
4
-5 + 5 + (1 - -2 - 1)
2
-4 + 5 + (1 - -3)
5
What is the value of 0 - (8 - ((2 - -1) + 1))?
-4
What is 10 - (-9 + 11 + 4)?
4
Evaluate 8 - 9 - (-3 - 0).
2
Evaluate 9 + (-3 + 0 - 1).
5
What is the value of 5 + 1 + -14 + 3?
-5
Evaluate (-2 - -1) + 2 + -3 + 4.
2
Evaluate 6 + (-9 - 0) + 6 - 10.
-7
(2 - 1) + (-23 - -23)
1
What is (4 + -2 - 6) + (3 - -1)?
0
4 + -7 - -4 - 1
0
Evaluate (-3 + 6 - 6) + -1 + 8.
4
What is the value of (-5 - -3) + 0 + (21 - 16)?
3
(2 - -1) + -1 + 24 + -31
-5
-17 + -80 + 74 + (14 - 0)
-9
What is -4 - (-4 + 4 + 2 + -3)?
-3
Calculate (-4 - 1) + (-7 - -10).
-2
Calculate (-1 - (-3 + 2 + 4)) + 6.
2
Evaluate (2 - -4 - 